
Let b = 5 + 3. Calculate the highest common divisor of 2 and b.
2
Suppose 0 = 13*s - 160 - 230. Let z(d) = 2*d**2 - 5*d - 2. Let u be z(4). Calculate the greatest common factor of s and u.
10
Suppose 74*y - 186 = 68*y. Calculate the highest common factor of 62 and y.
31
Suppose -2*k = -x, x - 8 = -x - 4*k. Calculate the greatest common factor of 1 and x.
1
Let z(i) = 68*i + 14. Let k be z(2). What is the greatest common divisor of k and 60?
30
Let m be 1/((-3)/(-9) + 0). Suppose 5*x = -3*n + 39, -m + 4 = 2*n - 5*x. Let z = 38 - n. Calculate the highest common divisor of 45 and z.
15
Let v(o) = o**3 - 14*o**2 - 15*o + 34. Let f be v(15). Calculate the highest common factor of 136 and f.
34
Suppose -i = -0*i + 2. Let k(l) = 7*l**2 + 3*l + 2. Let h be k(i). Calculate the highest common divisor of 3 and h.
3
Suppose c - w = -4*w + 9, -2*c + 51 = -5*w. What is the highest common divisor of c and 36?
18
Let v be (3/(-3))/((-3)/33). Calculate the greatest common factor of 55 and v.
11
Let n(q) = -2*q + 3. Let o be (-5 - 0 - -2)*2. Let w be n(o). Let i be (-4 + -2)/((-2)/5). What is the greatest common factor of w and i?
15
Let c(h) = -h**2 - 19*h + 35. Let m be c(-20). What is the greatest common factor of 30 and m?
15
Let s = -32 + 47. Let z = 71 - 46. Let m = z - s. What is the highest common factor of 15 and m?
5
Let z = 203 + 0. Suppose z = 4*f - 133. Calculate the greatest common factor of 21 and f.
21
Let q be -3 - (-1 - -3 - 20). Let s(b) = 9*b**2 + 1. Let p be s(-1). Calculate the highest common divisor of p and q.
5
Let y(u) = u - 4. Let n be y(8). Suppose -n*w + 3 = -5. Suppose 12 = 2*g - 5*h, w*g - 6*g - h + 68 = 0. Calculate the highest common factor of g and 112.
16
Let o be 8 + -9 - 26*1/(-2). Calculate the greatest common factor of 4 and o.
4
Let a(c) = -c + 9. Let g be a(5). Suppose 28 = g*f - 4. Calculate the highest common divisor of f and 4.
4
Let t = 52 - 31. What is the greatest common factor of t and 7?
7
Let q = 6 + -3. Let o be -3 + -3 + 36 + 3. Calculate the highest common factor of o and q.
3
Suppose 8*i - 3*i - 10 = 0. Suppose 0 = -k + w + 4*w + 51, -4*k = i*w - 94. What is the highest common factor of 13 and k?
13
Let p = -105 - -114. What is the highest common divisor of 45 and p?
9
Suppose -2*p + 8 + 0 = 0. Let j(d) = d**3 - d**2 - 5*d. Let g be j(p). Suppose 4*q + 0*q - g = 0. Calculate the highest common factor of q and 28.
7
Let o(k) = k**3 + k**2 - 2*k + 12. Let w be o(0). What is the greatest common factor of 8 and w?
4
Let j be 4/40*6*10. Let u be 0 + (3 - 1)*j. Calculate the greatest common divisor of 24 and u.
12
Let c(k) = k**2 + 5. Let p be c(0). Suppose -p*m + 5*j = -50, 0 = -2*m + j + 1 + 21. What is the greatest common factor of m and 120?
12
Let f(g) = 53*g**2 - g - 2. Let r be f(-1). Let s(a) = 2*a**2 + 2*a + 1. Let m be s(2). Calculate the greatest common factor of m and r.
13
Suppose -4*p = -5*p + 135. Suppose -2*c + 45 = -p. Calculate the highest common divisor of c and 10.
10
Let x be ((-192)/(-9))/((-2)/(-6)). Suppose 5*c + x = 2*n + 5, -4*c = 2*n - 104. Let t = 21 - 7. Calculate the greatest common factor of t and n.
14
Let c(h) = -h**3 - 6*h**2 - 5*h - 3. Let f be c(-5). Let g = 2 + f. Let v be 1 - -180 - g/(-1). Calculate the greatest common divisor of 20 and v.
20
Suppose 5*j = 68 - 13. Calculate the highest common factor of j and 99.
11
Suppose 4*s + 8 = 5*k - 56, 56 = 5*k + 4*s. Suppose h = -3*h - 4. Let j = h - -9. Calculate the highest common divisor of k and j.
4
Suppose -4*r + 2*r + 44 = 0. Let y(f) be the second derivative of -f**3/6 + 13*f**2/2 - 3*f. Let k be y(11). Calculate the greatest common divisor of r and k.
2
Let t = -12 + 35. Let y = -15 + t. What is the greatest common divisor of 2 and y?
2
Let a = 0 + 5. Suppose 6*y - a*y = 35. Calculate the greatest common divisor of 35 and y.
35
Let k = 5 + -7. Suppose -4*v + 5 = -7. Let g be k - (-12)/v - -2. Calculate the greatest common factor of 32 and g.
4
Suppose -2*h + 4*f = -2, -h - 4*f = -0*h - 19. Calculate the greatest common factor of 14 and h.
7
Let o = -2 + 6. Suppose 0 = -o*l - j + 708, -l + 368 = l + 4*j. What is the highest common factor of 16 and l?
16
Let h(z) = z**2 - 8*z - 5. Let v be h(9). Let x be 5/((-10)/v) - -2. Suppose x = -a - 2*a + 432. What is the highest common divisor of a and 16?
16
Let b(p) = p**3 + 2*p - 3. Let h be b(2). What is the greatest common factor of 27 and h?
9
Let h = 8 + 5. Let x = h + 2. Calculate the greatest common divisor of x and 165.
15
Let l be 10/(-3)*1*-3. Let w be (l/4 - 3)*-62. What is the greatest common divisor of 217 and w?
31
Let u be 0/(-2) + (-20)/(-5). Let x be (-3)/u + (-335)/(-20). What is the greatest common factor of 176 and x?
16
Let j(m) = 1. Let s(h) = -2*h**2 + h - 4. Let c(g) = -j(g) - s(g). Suppose 0 = -y + 2*y - 5. Let q be c(y). Calculate the greatest common factor of 72 and q.
24
Let x = 15 + -12. What is the highest common factor of x and 12?
3
Suppose 2*v = 7*v - 40. Let b be v/6*(-15)/(-10). What is the highest common factor of 22 and b?
2
Let z(g) = g**2 - 6*g + 5. Let c be z(5). Let q be c/(-2) - (-8 - 4). What is the greatest common divisor of q and 3?
3
Suppose -2*w - i + 190 = 2*i, 290 = 3*w + 2*i. Let o = 3 + 4. Suppose -o = 5*y - 77. Calculate the greatest common factor of y and w.
14
Let o(n) = 73*n**2. Let s be o(-1). Let x = s - 23. What is the greatest common divisor of x and 10?
10
Let c = -22 - -31. Suppose -4*f - c = 11, 5*u - 2*f - 185 = 0. Suppose 2*i - 1 = -i + 4*z, 5*i = -5*z + 60. Calculate the highest common factor of u and i.
7
Let i(k) = 3*k - 19. Let o be i(12). Calculate the greatest common factor of 119 and o.
17
Suppose -5*u = -b + 104, 3*u = -b + 118 - 22. Calculate the highest common divisor of 22 and b.
11
Let j(m) = m - 9. Let f be j(7). Let p = -1 - f. Let r be (1 + 2)*16/6. What is the highest common divisor of p and r?
1
Suppose -3*d + 52 = -5. What is the highest common factor of 19 and d?
19
Let f = -3 - -19. Calculate the greatest common factor of f and 40.
8
Let k(t) = -55*t - 1. Let w be k(1). Let j = w + 115. Suppose 0 = -4*s - y + 421, -y - 45 = -s + j. What is the greatest common divisor of 15 and s?
15
Let g = -73 - -143. What is the greatest common factor of g and 14?
14
Suppose -a = 2*k + 9, 3 = a - 0*k - k. Let i(v) be the third derivative of 4*v**5/3 - 4*v**2. Let h be i(a). Calculate the highest common divisor of 10 and h.
10
Suppose 2*m = -m + 42. Let h = 26 - m. Suppose 3*l - 4 = 5. Calculate the highest common divisor of l and h.
3
Suppose -3*r + 63 = -54. Let n be r/9 - 2/6. Let h be (n/10)/(1/30). What is the greatest common divisor of h and 24?
12
Let f = 24 - -18. Suppose 2*m + 4 = 8. Suppose 5*c - 2*c + m*r = 74, 0 = 3*c + 4*r - 64. Calculate the highest common factor of c and f.
14
Suppose 0 = -2*g - 3*g + 4*y + 15, -y + 5 = 0. Let k(w) = -10*w + 5. Let l be k(-5). Suppose 3*n - 8 = l. What is the highest common factor of g and n?
7
Let s(a) = -a**3 - 15*a**2 - 14*a + 3. Let o be s(-14). Calculate the highest common divisor of o and 21.
3
Let f(a) = 3*a**3 - a**2 - 2*a - 1. Suppose -3*n = n - 12. Let t be f(n). What is the highest common factor of t and 13?
13
Suppose 4*b - 5*s = -140 - 13, 0 = 5*b - s + 165. Let c be ((-34)/(-8))/(8/b). Let m = c + 34. Calculate the greatest common divisor of 119 and m.
17
Let s be (5 - -5)/5 + 3. Calculate the greatest common factor of 80 and s.
5
Let g = 4 - 2. Let y be g + -2 + 9/3. What is the greatest common factor of y and 24?
3
Suppose -2*o - 52 = 4*j - 4*o, -5*j - 67 = -3*o. Let w = j - -12. Calculate the greatest common divisor of 4 and w.
1
Let p = 140 + -80. Suppose 2*q = 2*g - 24, -3*q = -q. What is the greatest common factor of g and p?
12
Suppose 7*k - 2*k = 50. Let g(q) = -q**3 + q. Let o be g(-3). Suppose -2*m + 5*u = -160, -o + 196 = 2*m - 2*u. What is the greatest common divisor of m and k?
10
Suppose 0 = 5*t + 4*p - 39, 0*t + 37 = 5*t + 2*p. Let u be ((-30)/t)/(1/(-7)). Calculate the highest common factor of 45 and u.
15
Suppose 86 - 11 = 5*c. Calculate the greatest common factor of c and 30.
15
Let a = -18 + 20. Calculate the highest common factor of 8 and a.
2
Suppose u + 31 = 2*u - 4*m, 3*u - 3*m = 48. Calculate the greatest common factor of u an